-r**3 + 30*r**2 - 6*r + 162. Calculate o(30).
-18
Let m(n) = -710*n - 4248. Give m(-6).
12
Let b(z) = 17*z**2 - 1092*z + 258. What is b(64)?
2
Let k(g) = g**3 - 25*g**2 + 159*g + 3. Determine k(11).
58
Let t(m) = 5*m**2 - 195*m + 94. Give t(41).
504
Let l(z) = 87*z - 312. Give l(3).
-51
Let d(t) = -t**3 - 15*t**2 - 4*t + 17. Calculate d(-14).
-123
Let c(l) = -2299*l - 43689. Give c(-19).
-8
Let r(i) = -i**2 - 45*i + 143. Determine r(-49).
-53
Let h(s) = -620*s - 40. Give h(0).
-40
Let x(u) = -u**3 + 12*u**2 - 22*u + 14. What is x(7)?
105
Let f(z) = 2*z**2 + 5*z - 697. Determine f(0).
-697
Let j(u) = -1522*u - 88284. Give j(-58).
-8
Let s(f) = -f + 82. Determine s(28).
54
Let a(z) = -105*z + 2371. What is a(22)?
61
Let u(s) = -s**2 - 1195*s - 5965. Give u(-5).
-15
Let f(m) = 2*m**3 - 454*m**2 + 55*m - 12479. Give f(227).
6
Let k(s) = -4*s**3 + 81*s**2 + 155*s - 24. What is k(22)?
-2
Let v(g) = -2573*g - 10292. Give v(-4).
0
Let l(f) = -11675*f + 291871. Calculate l(25).
-4
Let z(l) = 2*l**2 + 2995*l + 8969. Give z(-3).
2
Let h(z) = -z**3 - 59*z**2 - 836*z + 50. What is h(-24)?
-46
Let c(x) = x**3 + 2*x**2 - 195*x - 789. Determine c(-4).
-41
Let j(n) = -3*n**2 + 64*n - 154. Calculate j(15).
131
Let v(n) = n**3 - 16*n**2 + 62*n - 13. Determine v(10).
7
Let q(u) = 2*u**3 - 22*u**2 + 2*u + 67. What is q(9)?
-239
Let h(f) = -10*f**2 - f + 6. Calculate h(-1).
-3
Let j(r) = -r**2 + 83*r - 1728. Calculate j(43).
-8
Let w(l) = l**2 - 156*l + 938. Give w(6).
38
Let w(h) = -h**3 - 10*h**2 - 8*h - 33. What is w(-9)?
-42
Let d(r) = -176*r**2 + 10*r + 3. Determine d(-1).
-183
Let u(y) = y**3 + 7*y**2 + 8*y - 3. Give u(-4).
13
Let a(d) = 6*d**3 - 309*d**2 - 185*d + 1501. What is a(52)?
-7
Let t(l) = -1320*l + 31704. Give t(24).
24
Let r(m) = 15*m**3 + 6*m**2 + 12*m + 9. What is r(-2)?
-111
Let s(u) = 4*u**2 - 26*u - 207. What is s(0)?
-207
Let v(s) = -8*s**2 - 23*s - 2. Calculate v(-2).
12
Let m(k) = -3*k**3 + 30*k**2 + 35*k - 47. Give m(11).
-25
Let r(n) = n**2 + 132*n + 385. Give r(-3).
-2
Let l(r) = -84*r + 96. What is l(8)?
-576
Let t(w) = 43*w - 1525. What is t(35)?
-20
Let f(d) = d**3 - 46*d**2 - 151*d + 284. Give f(49).
88
Let q(d) = d**3 - 20*d**2 + 32*d + 38. Determine q(18).
-34
Let d(s) = -s**3 - 10*s**2 + 53*s + 10. Determine d(-15).
340
Let z(w) = -w**3 + 9*w**2 + 48*w - 387. Give z(10).
-7
Let o(b) = 3*b**2 - 14*b - 4. Give o(3).
-19
Let o(p) = p**2 - 12*p - 56. Give o(15).
-11
Let s(u) = u**3 - 46*u**2 - 52*u + 231. Calculate s(47).
-4
Let g(c) = -c**2 - 102*c + 7596. Determine g(50).
-4
Let i(q) = q**3 - 10*q**2 + 144*q - 594. What is i(5)?
1
Let v(t) = -54*t + 1666. Give v(31).
-8
Let v(c) = 9*c**2 + 247*c - 754. Calculate v(3).
68
Let i(l) = -l**2 + 157*l + 961. Calculate i(-6).
-17
Let d(v) = -233*v**2 + 53*v + 52. Give d(-1).
-234
Let l(f) = 16*f - 25. What is l(19)?
279
Let r(t) = -t**3 - 19*t - 39. What is r(-6)?
291
Let j(m) = -94*m + 942. Calculate j(10).
2
Let j(a) = a**2 - 219*a + 4726. What is j(195)?
46
Let a(l) = 3*l**3 + 216*l**2 + 652*l + 2137. Determine a(-69).
-2
Let t(v) = v**3 + 56*v**2 + 108*v - 2704. Calculate t(-53).
-1
Let j(w) = -w**2 - 37*w + 459. Determine j(0).
459
Let r(g) = g**3 - 26*g**2 + 35*g + 48. What is r(25)?
298
Let u(a) = -a**3 + 7*a**2 - 8*a + 9. Calculate u(2).
13
Let l(g) = -329*g + 13817. Determine l(42).
-1
Let l(o) = o**2 - 24*o + 136. Give l(10).
-4
Let p(x) = -x**3 - 11*x**2 - 88*x - 1179. What is p(-12)?
21
Let a(k) = 57*k - 519. What is a(9)?
-6
Let i(x) = 4*x**2 - 102*x - 34. Give i(26).
18
Let m(k) = k**3 - 8*k**2 + 3*k - 51. What is m(6)?
-105
Let t(s) = -s**3 - 31*s**2 - 33*s + 32. What is t(-30)?
122
Let p(u) = -u**2 + 40*u + 262. Determine p(48).
-122
Let f(x) = -309*x + 1055. What is f(4)?
-181
Let i(b) = 51*b**2 + 1071*b + 2146. Determine i(-2).
208
Let f(w) = 3*w**2 + 171*w - 508. What is f(-60)?
32
Let d(a) = -a**2 + 5*a - 216. Calculate d(17).
-420
Let t(x) = -2*x**3 + 14*x**2 + 120*x - 7. Calculate t(-6).
209
Let r(b) = b**3 + 10*b**2 - 34*b - 123. Determine r(-12).
-3
Let t(n) = 2*n**3 - 86*n**2 - 86*n - 78. Give t(44).
10
Let k(h) = h**2 + 38*h - 859. Determine k(16).
5
Let s(z) = 248*z**3 + 1494*z**2 + 9*z - 11. Calculate s(-6).
151
Let y(s) = -s**3 + 17*s**2 + 29*s + 1780. Determine y(22).
-2
Let u(n) = 136*n + 271. Give u(-5).
-409
Let l(r) = -r**3 + 26*r**2 + 504*r + 114. Calculate l(39).
-3
Let n(c) = 7*c**3 - 4*c**2 + 14*c - 1. Give n(2).
67
Let h(g) = g**3 - 68*g**2 + 252*g + 382. What is h(64)?
126
Let i(y) = y**3 + 13*y**2 + 11*y + 9. Determine i(-10).
199
Let x(k) = -3*k**2 + 33*k - 15. Give x(6).
75
Let c(q) = 14*q**2 - 39*q + 6. Determine c(4).
74
Let u(o) = -55*o**2 + 3*o + 14. What is u(-2)?
-212
Let v(n) = 19*n - 1541. Determine v(70).
-211
Let l(d) = -478*d - 32979. Determine l(-69).
3
Let f(s) = s**2 - 27*s + 35. What is f(27)?
35
Let y(u) = 19*u**3 + 124*u**2 + 6*u - 23. Calculate y(-7).
-506
Let w(t) = -t**3 + 7*t**2 - 20*t + 360. Give w(9).
18
Let l(d) = -3*d**2 - 14*d + 52. Calculate l(5).
-93
Let n(s) = -s**2 - 348*s - 1352. Give n(-4).
24
Let z(b) = 4*b**3 + 74*b**2 - 12*b + 480. Give z(-19).
-14
Let u(l) = 47*l + 4256. Determine u(-95).
-209
Let t(x) = x**2 - 64*x - 368. Calculate t(70).
52
Let j(z) = -1725*z + 12096. Give j(7).
21
Let p(n) = 3*n**3 - 8*n**2 + 34*n - 145. What is p(4)?
55
Let f(j) = j**2 + 80*j + 517. Calculate f(-7).
6
Let d(z) = 4*z**2 + 234*z - 369. Give d(-60).
-9
Let c(k) = -2*k**3 - 13*k**2 + 7*k - 15. Calculate c(-7).
-15
Let p(m) = -m**3 - 4*m**2 + 20*m + 21. Give p(-7).
28
Let o(f) = 682*f - 9575. What is o(14)?
-27
Let t(g) = -g**2 - 50*g - 222. What is t(-5)?
3
Let h(j) = -161*j - 109. What is h(-5)?
696
Let m(o) = -2*o**3 + 6*o**2 - 135*o + 404. Give m(3).
-1
Let x(o) = o**3 + 149*o**2 + 997*o - 5. Determine x(-7).
-26
Let m(z) = -6*z**2 - 83*z - 153. Determine m(-10).
77
Let z(v) = 208*v + 4588. Give z(-22).
12
Let g(t) = -t**3 - 3*t**2 - 14*t - 47. Give g(-4).
25
Let k(u) = u**3 - 723*u**2 + 7137*u - 64. Calculate k(10).
6
Let t(p) = 27*p - 173. Determine t(5).
-38
Let f(m) = -m**3 + 39*m**2 - 29*m - 345. Determine f(38).
-3
Let p(w) = 573*w - 9173. What is p(16)?
-5
Let z(i) = -29*i**2 + 155*i - 14. Calculate z(6).
-128
Let c(d) = -8*d**2 + 184*d - 169. Give c(22).
7
Let k(t) = -7*t**2 + 62*t - 298. Give k(8).
-250
Let q(y) = y**2 + 8*y - 124. Calculate q(8).
4
Let t(n) = n - 78. What is t(21)?
-57
Let k(t) = -7*t**2 - 221*t - 123. Calculate k(-31).
1
Let v(f) = f**3 - 5*f**2 - 77*f + 442. Calculate v(8).
18
Let r(u) = -u**3 + 30*u**2 + 176*u - 40. Give r(35).
-5
Let a(m) = -3*m**2 - 61*m - 222. Determine a(-4).
-26
Let m(k) = k**2 + k - 2. Give m(-5).
18
Let o(r) = 209*r + 7154. What is o(-34)?
48
Let n(y) = y**2 - 220*y - 4034. Calculate n(-17).
-5
Let o(a) = 5212*a + 41696. What is o(-8)?
0
Let m(g) = -32*g + 2229. What is m(76)?
-203
Let k(h) = h**3 - 8*h**2 + 157*h - 1244. Determine k(8).
12
Let y(r) = -634*r + 8243. What is y(13)?
1
Let o(z) = -2*z**3 + 30*z**2 - 5*z + 34. Give o(15).
-41
Let c(q) = -356*q - 24916. Calculate c(-70).
4
Let r(b) = -b**3 - 38*b**2 + 1260*b + 1244. What is r(-59)?
5
Let s(v) = v**3 - 35*v**2 - 261*v - 37. What is s(-6)?
53
Let i(s) = 38*s + 1511. What is i(-39)?
29
Let x(b) = 378*b - 373. Calculate x(1).
5
Let v(f) = -f**3 - f**2 + 674*f - 10. Determine v(0).
-10
Let p(r) = -r**3 - 20*r**2 - 78*r + 22. What is p(-12)?
-194
Let b(q) = -q**2 - 42*q + 59. Determine b(-46).
-125
Let j(q) = 116*q - 1053. What is j(9)?
-9
Let q(j) = -4*j**2 + 2*j + 51. What is q(0)?
51
Let z(r) = 655*r + 3306. Give z(-5).
31
Let v(m) = -3*m**2 - 25*m - 58. Give v(-5).
-8
Let t(s) = -s**3 + 22*s**2 - 127*s + 4205. Calculate t(24).
5
Let m(w) = -7*w**2 - 39*w - 168. Calculate m(-7).
-238
Let i(q) = -q**3 - 10*q**2 + 33*q - 7. Give i(-13).
71
Let g(w) = 5*w**3 + 355*w**2 - 2*w - 127. What is g(-71)?
15
Let u(a) = 2*a**3 + 9*a**2 - 6*a + 6. Give u(-7).
-197
Let q(s) = -3*s**2 - 23*s + 292. Determine q(17).
-966
Let v(c) = 1425*c - 6. Determine v(0).
-6
Let z(f) = f**2 + 2644*f - 10589. Give z(4).
3
Let t(s) = -252*s - 3520. Determine t(-14).
8
Let d(x) = -x**3 + 5*x**2 + 19*x + 62. Give d(8).
22
Let c(k) = 2*k**3 - 466*k**2 + 457*k + 1634. What is c(232)?
10
Let q(m) = -3*m**2 + 413*m + 15084. What is q(-30)?
-6
L